f (-1 - -8*o)/1?
7
Let g be (3 - (-2 + 5))/(-1). Suppose 0 = -g*a + 2*a - 34. What are the prime factors of a?
17
What are the prime factors of (-12)/(-12)*1*75?
3, 5
Suppose r - 54 = 5*s, -s - 42 + 139 = 2*r. What are the prime factors of r?
7
Let t = 29 + -19. Suppose -2*m - 7 = -f, -9 = 3*f + 2*m + t. Let c(g) = 2*g**2 + 3*g - 1. What are the prime factors of c(f)?
2
Let m(y) = 3*y**3 - y**2. Let q be m(1). Suppose -4*d = q - 14. What are the prime factors of d?
3
Let g = -61 + -66. Let o = -47 - g. List the prime factors of 1*-3 - o/(-8).
7
Suppose 3*h - 48 - 135 = 0. List the prime factors of h.
61
Let d = -12 + 26. Let p = d + -4. List the prime factors of p.
2, 5
Suppose -4*f - 777 = -7*f. List the prime factors of f.
7, 37
List the prime factors of 3/12 - (-39)/4.
2, 5
Suppose 5*n = -3*a + 260, -n + 3*a + 132 = 2*n. What are the prime factors of n?
7
Let t = 13 + 12. List the prime factors of t.
5
Suppose -18 = -5*m + 12. Suppose 2*k = m*k - 44. What are the prime factors of k?
11
Suppose 64 = 3*u - 5*u. Let h = -21 - u. List the prime factors of h.
11
Let r be ((-2)/5)/((-5)/150). Suppose -5*d = 4*j - 38, -3*j - 2*d + 37 = r. List the prime factors of j.
7
Let i(x) = -x**3 - 6*x**2 - 3*x. Let p be i(-6). What are the prime factors of 1/3*1*p?
2, 3
Let r = -1 - 1. Let b be 1 + 20 + r + 0. Suppose -22 = -g + 5*s, 4*g - 3*s = -6*s + b. What are the prime factors of g?
7
Let f be (-3 - 1)*(-4)/8. Let k be f/2 + -5 + 6. Suppose -2*s + 48 = k*s. What are the prime factors of s?
2, 3
Let s(p) = p**2 + p. Let r be s(-2). Suppose -r*o - o + 84 = 0. Suppose -7 = 3*z - o. What are the prime factors of z?
7
Let k(g) = -4*g - 4. Let d be (-34 - 2)*2/(-3). Suppose -5*l - d + 9 = 0. List the prime factors of k(l).
2
Let r(h) = -h**3 - h**2 + 4*h + 3. Let d be r(-2). List the prime factors of (-10)/d*(-20)/(-25).
2
Let c(k) = 49*k**2 + 2*k + 1. List the prime factors of c(-1).
2, 3
Let b(t) = t**2 + 4*t. Let z be b(-3). Let o be ((-174)/(-4))/(z/(-4)). Suppose 0 = 5*m + 18 - o. List the prime factors of m.
2
Suppose -v - g = -5, 13 + 0 = 5*v + g. Let y(d) = -d**3 + 6*d**v + 5 + 0*d**3 + 0*d**3. What are the prime factors of y(6)?
5
Let r be ((-36)/15)/((-15)/50). Suppose 0 = 4*l + 4*b - 28, 5*b + 21 = 4*l + 2*b. Let j = r + l. What are the prime factors of j?
2, 7
Let t be ((-8)/10)/((-14)/35). Suppose 4*m - 19 = h - 0*h, -2*m + 22 = t*h. List the prime factors of m.
2, 3
Suppose -6*h + 4*h = -2*s + 96, -2*s - 2*h = -92. What are the prime factors of s?
47
Let y = -19 + 91. List the prime factors of y.
2, 3
What are the prime factors of ((-15)/12 + -1)/(12/(-224))?
2, 3, 7
Let h = 32 - 14. Let b = -7 + h. List the prime factors of b.
11
Let g be 0 + 10 + 8/4. Let b be g/(-16) + (-1)/4. Let j = b - -10. List the prime factors of j.
3
Let v(o) = -o**2 + 9*o + 1. Let s be v(10). Let h be 8 - (-3)/(s/(-3)). List the prime factors of ((-20)/6)/((-6)/h).
5
Suppose -r = -m + 2*r - 4, 3*m = 5*r - 4. Suppose m*v = 4*v. Suppose -2*d = p - 8, v*p + 2*d = -5*p + 24. List the prime factors of p.
2
List the prime factors of (6 + -9)/((-6)/116).
2, 29
Suppose 5*d = -7 - 3. Let l = d + 9. Let t = 9 + l. List the prime factors of t.
2
Suppose 0 = 3*c - 3, 17 = -0*b + b - 5*c. What are the prime factors of b?
2, 11
Let i(r) = r**3 + 6*r**2 + 5*r. Suppose 8 = -4*g - 8. Let z be i(g). Suppose -15 = 4*c + 2*p - 55, 2*c - 3*p - z = 0. List the prime factors of c.
3
Let m be (-9)/(-12) - (-1)/4. Let u(f) = 12*f**2 - f + 1. Let t be u(m). Suppose 5*c = t + 8. What are the prime factors of c?
2
Let s = 8 + -8. Suppose 4*l - 76 - 116 = s. What are the prime factors of l?
2, 3
Let x = 2 + -1. Let u be 0 + x - 2*-2. Suppose 4*d - u*d = -7. What are the prime factors of d?
7
Let b = -31 - -17. List the prime factors of (-60)/b - (-8)/(-28).
2
Suppose -5*d = -10*d + 395. What are the prime factors of d?
79
Suppose -5*q = 2*h + 19, 10 = -0*q - 2*q. Suppose -4*x + 56 = 4*d, h*d + 2*d - 75 = -4*x. Suppose 4*t - d = 3*t. What are the prime factors of t?
19
Let a = -17 + 57. List the prime factors of a.
2, 5
Let w(l) = l**2 - 1. Let u be w(-2). List the prime factors of u/(-2)*(-6)/1.
3
Suppose 60 = -0*c + 3*c. Let y = 36 - c. List the prime factors of y.
2
Let i = 2 + 0. Suppose -5*b + 0*b + 15 = 0. Suppose b*n + 0*g + i*g - 44 = 0, g + 8 = n. List the prime factors of n.
2, 3
Let t = -76 - -161. List the prime factors of t.
5, 17
Let g = 440 + -109. What are the prime factors of g?
331
Suppose 0 = -5*x + 52 + 58. Let w = x - 2. What are the prime factors of w?
2, 5
Suppose -2*u + 533 = c - 6*c, -5 = -5*c. List the prime factors of u.
269
Suppose -5 = -q + 5. Suppose 0 = -l - 7 - 0. Let d = l + q. What are the prime factors of d?
3
Let f be ((-10)/4)/(2/4). Let x = 9 + f. Suppose 2*g = -m + x*m - 18, 0 = -m - 2*g - 2. List the prime factors of m.
2
Let j(v) = v**2 - 5*v + 16. List the prime factors of j(9).
2, 13
Suppose 8 = 4*v, v - 61 = 5*f + 16. Let m = f + 17. List the prime factors of m.
2
Suppose -5*r - 239 = -739. What are the prime factors of r?
2, 5
Let h(f) = -2*f**2 + f + 2. Let s be h(-2). Let t(v) = -2*v - 6. Let o be t(s). Suppose -j = -0*j - o. List the prime factors of j.
2, 5
Let l(p) = 4*p**2 - 3*p - 10. List the prime factors of l(-9).
11, 31
Suppose -4*t = 4*g - 180, -t - 2*t + 155 = -g. What are the prime factors of t?
2, 5
Let p(b) be the second derivative of b**5/20 - 3*b**4/4 + 4*b**3/3 + 3*b**2/2 + 2*b. Let h be p(8). Suppose 29 = h*n - 25. List the prime factors of n.
2, 3
Let y(f) = f**3 - 3*f**2 + f + 4. Suppose -2 = 3*z - 14. List the prime factors of y(z).
2, 3
Let q(w) = w**3 + 7*w**2 - 8*w. Let x be q(-8). Suppose x*f - 42 = -3*f. List the prime factors of f.
2, 7
Let d(t) = 32*t**2 + 6*t + 1. What are the prime factors of d(2)?
3, 47
Suppose 2*h - 142 = -4*c, -c + 0*h - 2*h = -37. What are the prime factors of c?
5, 7
Suppose 0 = 3*c - 4*y - 5 - 44, c - 17 = y. List the prime factors of c.
19
Suppose l + 5 = -4*l. Let b be (-2)/((3/l)/(-3)). List the prime factors of (-3)/b*(-156)/(-18).
13
Let k(m) = -m**2 + 5*m - 4. Let g be k(3). Let z(u) = u**3 + 4*u + 8*u**2 + 0*u**2 - 2*u**g. List the prime factors of z(-5).
5
Let f(s) = -s**3 + 20*s**2 - 23*s + 19. List the prime factors of f(18).
11, 23
Let d(k) = k**2 - 4*k + 3. List the prime factors of d(-7).
2, 5
Suppose 5*g - g = 12. Suppose 0 = 5*f + 2*r + g*r - 50, -40 = -4*f - 5*r. What are the prime factors of f?
2, 5
What are the prime factors of (-5)/15*(0 - 309)?
103
Suppose -3*z = 4*q + 2*z - 447, 5*q - 569 = 4*z. List the prime factors of q.
113
Let o = 313 + -206. What are the prime factors of o?
107
What are the prime factors of 35*(14 + 0)/(6 + -1)?
2, 7
Let d(u) = -u - 4. Let h be d(-9). Suppose 3*c = 3*s + 2*s - 7, 0 = -3*s - 2*c - 11. Let b = s + h. What are the prime factors of b?
2
Suppose -2*u - 1 - 7 = 0. Let t be 16/6 - u/(-6). Let w(z) = -z**2 + 3*z + 2. What are the prime factors of w(t)?
2
Let q be (2/(-4))/(2/(-56)). Suppose 2*i + q = -22. Let c = i + 30. List the prime factors of c.
2, 3
Let z(a) be the second derivative of -a**4/12 + 11*a**3/6 + 5*a**2/2 - 3*a. List the prime factors of z(11).
5
Let f = -229 - -338. List the prime factors of f.
109
What are the prime factors of ((-34)/5 - -4)*-5?
2, 7
What are the prime factors of 5/20 - (-299)/4?
3, 5
Let a(f) = -8*f. List the prime factors of a(-10).
2, 5
Suppose 3*a + 0*a = 99. Suppose 207 = 5*j - a. What are the prime factors of j?
2, 3
Suppose 0 = 3*a - 18 - 45. Suppose -b - 2*b + a = 0. List the prime factors of b.
7
Let j(r) = -r + 1. What are the prime factors of j(-2)?
3
What are the prime factors of ((-36)/(-5))/(12/90)?
2, 3
What are the prime factors of (-8)/(-36) + (-482)/(-18)?
3
Suppose 0 = -2*t - 33 + 185. List the prime factors of t.
2, 19
Let x = -26 - -42. Let f = x - 10. Let t = f + 1. What are the prime factors of t?
7
Suppose -29 = -2*u - 3*q, 2*u - 3*q = 5*u - 42. What are the prime factors of u?
13
Let t be -9*(-2 + (2 - 1)). List the prime factors of (-71)/(-3) + 3/t.
2, 3
Suppose 5*q = -v + 6*v + 55, 2*q = -3*v + 32. List the prime factors of (-3)/(-6) - q/(-2).
7
Let c(b) = 16*b - 3. Let a be c(2). Let r = -14 + a. Suppose r = d + 2*d. List the prime factors of d.
5
Suppose z + 5*x = -3*z + 460, -4